{"id":327,"date":"2019-08-27T18:04:50","date_gmt":"2019-08-27T16:04:50","guid":{"rendered":"https:\/\/www.shop.strategicdesignscenarios.net\/?post_type=product&#038;p=327"},"modified":"2024-01-24T14:24:56","modified_gmt":"2024-01-24T13:24:56","slug":"les-michus","status":"publish","type":"product","link":"https:\/\/www.shop.strategicdesignscenarios.net\/?product=les-michus","title":{"rendered":"Les Michus"},"content":{"rendered":"<p>Strategic Design Scenarios a dessin\u00e9 et con\u00e7u \u00ab\u00a0Les Michus\u00a0\u00bb. Les Michus sont des petits personnages en bois qui, comme des Lego ou des Playmobil, vous permettent de raconter des histoires, construire des maquettes, pr\u00e9senter des sc\u00e9narios, etc. Tout le monde connait Madame Michu, ce personnage fictif qui d\u00e9signe une femme fran\u00e7aise ordinaire, moyenne, populaire. Nous pouvons tous \u00eatre la Madame ou Monsieur Michu de quelqu&rsquo;un. Les Michus sont une grande famille, o\u00f9 chaque personnage peut devenir celui qu&rsquo;on veut. \u00ab\u00a0Elle, c&rsquo;est une \u00e9lue.\u00a0Lui, le Directeur G\u00e9n\u00e9ral des Services. Eux deux, ce sont des agents de la fonction publique. Et tout le reste l\u00e0, on n&rsquo;a qu&rsquo;a dire que ce sont des habitants ! \u00a0\u00bb Et hop ! Voil\u00e0 une histoire qui d\u00e9marre !<\/p>\n<p>Les Michus sont parfaits pour le story-telling ! Ils peuvent \u00eatre utilis\u00e9s pour r\u00e9aliser des pr\u00e9sentations orales, des maquettes que vous prenez ensuite en photo, des romans photos, ou encore des vid\u00e9os. Vous pouvez les mettre debout, les mettre \u00e0 plat, \u00e0 vous de voir !<\/p>\n<p><img loading=\"lazy\" decoding=\"async\" class=\"alignnone wp-image-343 size-large\" src=\"https:\/\/www.shop.strategicdesignscenarios.net\/wp-content\/uploads\/2019\/08\/IMG_8742-1024x768.jpg\" alt=\"\" width=\"980\" height=\"735\" srcset=\"https:\/\/www.shop.strategicdesignscenarios.net\/wp-content\/uploads\/2019\/08\/IMG_8742-1024x768.jpg 1024w, https:\/\/www.shop.strategicdesignscenarios.net\/wp-content\/uploads\/2019\/08\/IMG_8742-500x375.jpg 500w, https:\/\/www.shop.strategicdesignscenarios.net\/wp-content\/uploads\/2019\/08\/IMG_8742-300x225.jpg 300w, https:\/\/www.shop.strategicdesignscenarios.net\/wp-content\/uploads\/2019\/08\/IMG_8742-768x576.jpg 768w\" sizes=\"(max-width: 980px) 100vw, 980px\" \/><\/p>\n<p><span style=\"text-decoration: underline;\"><em>A propos des Michus<\/em><\/span><\/p>\n<p>Les Michus ont \u00e9t\u00e9 dessin\u00e9 par Christophe Gouache (Strategic Design Scenarios) puis d\u00e9coup\u00e9 au laser dans un fablab bruxellois (MicroFactory). Chaque set de Michus contient 15 personnages uniques (chaque personnage a une posture diff\u00e9rente). Les Michus sont en bois\u00a0(multiplex de 6 mm d&rsquo;\u00e9paisseur)\u00a0issus de for\u00eats g\u00e9r\u00e9es durablement. Ils sont tr\u00e8s l\u00e9gers et faciles \u00e0 transporter.<\/p>\n<p><span style=\"text-decoration: underline;\"><em>R\u00e9capitulatif du produit :<\/em><\/span><\/p>\n<p>Le set contient 15 personnages Michus fourni dans un sachet de rangement.<br \/>\nHauteur : 6 cm<br \/>\nLargeur moyenne : 1,8 cm<br \/>\nEpaisseur : 0,6 cm<\/p>\n<p><img loading=\"lazy\" decoding=\"async\" class=\"alignnone size-medium wp-image-341\" src=\"https:\/\/www.shop.strategicdesignscenarios.net\/wp-content\/uploads\/2019\/08\/IMG_8680-300x225.jpg\" alt=\"\" width=\"300\" height=\"225\" srcset=\"https:\/\/www.shop.strategicdesignscenarios.net\/wp-content\/uploads\/2019\/08\/IMG_8680-300x225.jpg 300w, https:\/\/www.shop.strategicdesignscenarios.net\/wp-content\/uploads\/2019\/08\/IMG_8680-500x375.jpg 500w, https:\/\/www.shop.strategicdesignscenarios.net\/wp-content\/uploads\/2019\/08\/IMG_8680-768x576.jpg 768w, https:\/\/www.shop.strategicdesignscenarios.net\/wp-content\/uploads\/2019\/08\/IMG_8680-1024x768.jpg 1024w\" sizes=\"(max-width: 300px) 100vw, 300px\" \/><img loading=\"lazy\" decoding=\"async\" class=\"alignnone size-medium wp-image-339\" src=\"https:\/\/www.shop.strategicdesignscenarios.net\/wp-content\/uploads\/2019\/08\/IMG_8672-300x225.jpg\" alt=\"\" width=\"300\" height=\"225\" srcset=\"https:\/\/www.shop.strategicdesignscenarios.net\/wp-content\/uploads\/2019\/08\/IMG_8672-300x225.jpg 300w, https:\/\/www.shop.strategicdesignscenarios.net\/wp-content\/uploads\/2019\/08\/IMG_8672-500x375.jpg 500w, https:\/\/www.shop.strategicdesignscenarios.net\/wp-content\/uploads\/2019\/08\/IMG_8672-768x576.jpg 768w, https:\/\/www.shop.strategicdesignscenarios.net\/wp-content\/uploads\/2019\/08\/IMG_8672-1024x768.jpg 1024w\" sizes=\"(max-width: 300px) 100vw, 300px\" \/><\/p>\n","protected":false},"excerpt":{"rendered":"<p>Strategic Design Scenarios a dessin\u00e9 et con\u00e7u \u00ab\u00a0Les Michus\u00a0\u00bb. Les Michus sont des petits personnages en bois qui, comme des Lego ou des Playmobil, vous permettent de raconter des histoires, construire des maquettes, pr\u00e9senter des sc\u00e9narios, etc. Tout le monde connait Madame Michu, ce personnage fictif qui d\u00e9signe une femme fran\u00e7aise ordinaire, moyenne, populaire. Nous [&hellip;]<\/p>\n","protected":false},"featured_media":338,"template":"","meta":[],"product_cat":[32],"product_tag":[],"_links":{"self":[{"href":"https:\/\/www.shop.strategicdesignscenarios.net\/index.php?rest_route=\/wp\/v2\/product\/327"}],"collection":[{"href":"https:\/\/www.shop.strategicdesignscenarios.net\/index.php?rest_route=\/wp\/v2\/product"}],"about":[{"href":"https:\/\/www.shop.strategicdesignscenarios.net\/index.php?rest_route=\/wp\/v2\/types\/product"}],"wp:featuredmedia":[{"embeddable":true,"href":"https:\/\/www.shop.strategicdesignscenarios.net\/index.php?rest_route=\/wp\/v2\/media\/338"}],"wp:attachment":[{"href":"https:\/\/www.shop.strategicdesignscenarios.net\/index.php?rest_route=%2Fwp%2Fv2%2Fmedia&parent=327"}],"wp:term":[{"taxonomy":"product_cat","embeddable":true,"href":"https:\/\/www.shop.strategicdesignscenarios.net\/index.php?rest_route=%2Fwp%2Fv2%2Fproduct_cat&post=327"},{"taxonomy":"product_tag","embeddable":true,"href":"https:\/\/www.shop.strategicdesignscenarios.net\/index.php?rest_route=%2Fwp%2Fv2%2Fproduct_tag&post=327"}],"curies":[{"name":"wp","href":"https:\/\/api.w.org\/{rel}","templated":true}]}}